 - -18. Let q be ((-3)/(-4))/(s/216). Suppose -50 - q = -2*r + 2*x, 2*r - 5*x - 77 = 0. Is r a composite number?
False
Is 954/(-27)*(-3)/2 prime?
True
Let i = -3135 + 5903. Let u = -305 + i. Is u composite?
True
Suppose b + 4*b + 2 = 2*d, 3*b = -5*d + 5. Let p be (40/(-30))/(d/(-27)). Suppose p = j + 2*u, -u + 41 = 2*j - 34. Is j composite?
True
Let w = 57 - 56. Let s(p) = 584*p**2 - 2*p + 1. Is s(w) a prime number?
False
Let j = -10220 - -26349. Is j a prime number?
False
Let c(v) be the third derivative of 2/3*v**3 + 0 - 5*v**2 + 0*v + 1/24*v**4 + 1/12*v**5 + 1/120*v**6. Is c(-3) a composite number?
False
Let k(y) be the second derivative of y**4/12 - 5*y**3/2 - y**2/2 + 20*y. Is k(-10) a prime number?
False
Is 5007355/133 + 4/(-14) prime?
True
Suppose 16 = 3*y - 4*x, x + 2*x = 4*y - 33. Let c(k) = 4 + y*k**2 - 12*k + 5 + k**3 + k + 4. Is c(-12) a prime number?
False
Suppose -17 = 6*o + 31. Let x(k) = -185*k - 21. Is x(o) composite?
False
Suppose 6 = 2*y - 0, 5*y - 105 = 5*u. Let n = -14 - u. Suppose 2*a - 350 = n*d - 96, 0 = -3*d + 9. Is a composite?
True
Let r(s) = -s**3 - 13*s**2 + s + 19. Let h be r(-13). Suppose 0 = c - h + 22. Is 454 + (c/4 - -1) a composite number?
True
Suppose -3*b + 5*c - 24 = 2*c, -4*c - 4 = 5*b. Is 219/(-12)*80/b a prime number?
False
Suppose 3*o - 4*o = -4*n + 15, 3*o = 3*n. Suppose 0 = 3*c, -2*c + 277 = o*l - 513. Is l prime?
False
Let k(b) = -4295*b - 163. Is k(-10) a prime number?
True
Let z = -22514 + 41887. Is z composite?
False
Let z be 0 - 3 - (1 - 1). Let x be -1 - z - (4 - 8). Is ((-28)/x)/((-10)/1335) prime?
False
Let p(h) = -52*h - 3. Suppose -k + 2*k + 3 = 0. Let s be p(k). Suppose -5*g = -2*c - 1024, 3*c = -g + s + 62. Is g composite?
True
Let c = 5177 + 1862. Is c composite?
False
Let o be (-9699)/(-15) + 2/5. Let y(k) = 150*k - 6. Let g be y(-3). Let n = g + o. Is n prime?
True
Let k = 14 - 12. Suppose -212 = -k*w - 2*a + 3*a, 8 = -2*a. Let l = w + -25. Is l composite?
False
Let s(f) be the third derivative of 7/6*f**3 - 2*f**2 + 0*f + 1/12*f**4 + 0. Is s(6) a prime number?
True
Let c = 37 - 31. Let v(k) = 15*k - 1. Is v(c) prime?
True
Is 6288/2 + (-100)/(-20) composite?
True
Let n = -98 + 101. Let b(k) = -15*k - 1. Let p be b(-1). Suppose 5*f + p - 181 = 2*v, 2*f - 69 = n*v. Is f prime?
False
Let r be -3*(-2)/8 + 19/76. Is (r - -132)/((4 - 2) + -1) a prime number?
False
Let c = -20731 - -74402. Is c a composite number?
True
Suppose 46061 = 4*q + 7*z - 2*z, q + z - 11516 = 0. Is q a prime number?
True
Suppose 0 = 16*c - 306127 + 54783. Is c prime?
False
Let u = -3651 + 5190. Let q = u + -904. Suppose -a = -0*a - q. Is a a prime number?
False
Suppose 8*s - 2*s - 8976 = 0. Suppose -z = -s - 351. Is z a composite number?
False
Is (-3 - 3 - -4495) + 0 a composite number?
True
Let f(d) = 10*d - 11*d + 5 + 0*d**2 + 5*d**2 + 12*d**2 - d**3. Is f(12) composite?
True
Let u be ((-1)/3)/((3 - 2)/(-39)). Is -17 + u - (-844 - -1) a composite number?
False
Suppose -4533 = 28*s - 31*s. Is s prime?
True
Let f = -480 - -292. Let y(q) = 76*q**2 - q + 1. Let m be y(2). Let g = f + m. Is g composite?
True
Let f(r) = -4*r. Let a be f(-1). Suppose 0 = 5*b + 3*u - 4029, 4*u = -2*b + 7*u + 1599. Suppose -4*p - 2*c = -3*c - b, 804 = 4*p - a*c. Is p a prime number?
False
Let v be -3 + 5 + 2*25 + 1. Let p = -47 + v. Is p prime?
False
Suppose -2*k + 7 = -19. Let j(g) = g**2 - g - 2. Let b be j(2). Let q = b + k. Is q a prime number?
True
Let h(p) = 956*p**2 - 17*p - 29. Is h(-4) a composite number?
True
Is -61431*((-129)/(-215) - (-14)/(-15)) composite?
False
Is -10 + 3 + 34*29 prime?
False
Let c be 2848/8 + (0 - 2). Let g = c + -245. Suppose l - g = -26. Is l a composite number?
False
Let h be (-45)/(-20) - (-3)/(-12). Let s = h - -1. Suppose q - 195 = j - s*j, -213 = -q + 4*j. Is q a prime number?
False
Suppose 1 = -2*l + 121. Let b = 37 + l. Suppose 4*i + 34 = 2*k - 0*k, 5*k - b = -2*i. Is k prime?
True
Suppose -7*x = -x - 30. Suppose 0 = -2*i, -3*i + 203 + 692 = x*b. Is b prime?
True
Suppose 14*k - 2311 = 18843. Is k a composite number?
False
Suppose 2*m - 77228 = -4*y, y + 2*m = -0*m + 19301. Is y a prime number?
True
Is (-2)/18 - (-50271440)/1017 prime?
False
Let i be -2*(-1 + 17322/(-4)). Is (i/5)/1 + (-6)/(-15) a composite number?
False
Suppose -4*y + 1855 = -37. Is y prime?
False
Suppose 1 - 3 = -b. Let n(l) = -b + 0 + 18*l**2 + l + 16*l**2. Is n(1) composite?
True
Let a(z) = z. Let m be a(3). Let g be (-1 + (-3)/(-2))/((-3)/(-3108)). Suppose m*c = c + g. Is c prime?
False
Suppose -4*b = -20, -3*d + 5*d = -2*b + 2. Let g(q) = q**3 + 10*q**2 + 3*q - 1. Is g(d) a prime number?
True
Let i = -295 + -129. Let z = -859 - i. Is 1 - (-3 + z/3) a prime number?
True
Let u(a) = 19*a**2 + 61*a + 15. Is u(-23) a composite number?
False
Suppose 0 = 5*l + y - 10707, 3 = 5*y + 18. Let a = l + -1403. Is a composite?
False
Let y(v) = 180*v - 1. Let u be y(2). Let g(r) = -3*r**2 - 54*r + 28. Let i be g(-16). Let o = u - i. Is o a composite number?
True
Let f(j) = -j**2 + 1 - 18 + 9*j - 34*j. Is f(-16) a prime number?
True
Let j = -1611 - -2673. Let d = -691 + j. Is d a composite number?
True
Let l = -18184 - -26727. Is l composite?
False
Let x = -64 + 95. Let a = 234 + x. Is a prime?
False
Suppose d + 15 = 6*d, 4*d = 3*c. Suppose g + 3*g - 768 = 4*r, -c*r + 207 = g. Is 2 - 0 - (-14 - g) prime?
True
Let w(k) = 16*k**3 + 4*k**2 - 7*k. Let y(m) = -m**3 - 4*m**2 + 4*m + 1. Let v be y(-5). Let g be w(v). Suppose 0 = -4*d + g + 310. Is d composite?
False
Let p = -172 + 503. Is p a prime number?
True
Let n(w) = 476*w - 12. Let t be n(6). Suppose t = 4*p + 588. Is p/30 - (-1)/5 a composite number?
False
Suppose 15*o - 15 = 10*o. Suppose -3*y = -2*w + 469 - 2010, o*w - 1521 = -3*y. Is y a composite number?
True
Suppose 5*q - 3*c + 6 = 7*q, -c = 4. Suppose q*x = z + 12*x - 896, z - 884 = x. Is z prime?
True
Let g(u) = 40*u - 13*u + 21*u + 37*u + 7. Is g(4) a prime number?
True
Let b(w) = -17*w + 13. Let i be b(10). Let l = i + 99. Let h = l - -185. Is h prime?
True
Let j = -7185 + 20278. Is j a composite number?
False
Suppose 4*r - 22 = 2*g, r - 3*g = 5 + 13. Suppose 3*m = -a + 23, 0 = 5*a + 2*m + r*m - 155. Suppose -5*c + 2*c + 21 = 2*w, 5*c = -4*w + a. Is c prime?
True
Let h(v) = v**3 - 5*v**2 - 16*v + 12. Let d be h(7). Is d*(2044/(-8) + -5) composite?
False
Suppose -33665 = 27*p - 263192. Is p a composite number?
False
Let u = -16 - -13. Let k be ((-9)/(-6))/(u/4). Is 36 - -2*(-3)/k a composite number?
True
Let u(v) be the third derivative of v**8/10080 - 11*v**7/5040 - v**6/144 - 7*v**5/60 - 5*v**2. Let l(w) be the third derivative of u(w). Is l(-8) prime?
True
Let j = 151 + -108. Suppose 10*i = -j + 413. Is i composite?
False
Let u(t) = -t + 51. Suppose 17 - 7 = -2*y - 2*l, 10 = y - 2*l. Is u(y) a composite number?
True
Suppose -4*a + 57 = -51. Let t be (-2 + 2*a)*3. Suppose -4*r + 352 = -t. Is r composite?
False
Let i(x) = 7*x + 0*x**2 - 13 - 4*x + 4*x**2 - x**2. Is i(10) prime?
True
Let q = -74808 - -115157. Is q a composite number?
True
Suppose 5*a = 5*j + 5985, 5*j - 6*j = -5*a + 5989. Is a a composite number?
True
Let b be (-4)/(-22) - (-40)/22. Suppose -o - 3*o + 18 = -3*u, b*o = -2*u + 2. Suppose p = -o*p + 84. Is p prime?
False
Let i be 3*-1*(-276)/12. Let f = -36 + i. Is f a prime number?
False
Let l = 16 + 62. Let o(s) = 13*s - 333. Let i be o(44). Let r = i - l. Is r composite?
True
Suppose 0 = 5*t - 2*a - a - 34732, -4*a = 2*t - 13898. Is t a prime number?
True
Let v(s) = 220*s**2 - 14*s + 5. Let r(t) = 147*t**2 - 9*t + 3. Let l(y) = 8*r(y) - 5*v(y). Let k be l(-1). Is 1*k - (-4)/2 prime?
True
Let m be 0 - ((5 - 2) + -21). Suppose -o - o = -m. Suppose -o*a + 5*a + 844 = 0. Is a composite?
False
Let o = -81 + 85. Suppose 9*a - 14705 = o*a. Is a a prime number?
False
Let n be -42 + 0/((-12)/(-3)). Is (-2)/(-4)*(6 + n)/(-6) a composite number?
False
Let s = -145 - -1838. Is s composite?
False
Let j be (1 - -10) + 5/(-5). Suppose 7*m + 1311 = j*m. Is m a composite number?
True
Suppose -o - 2*a = 1, 4*o + 4*a - 20 = -4. Let x = o + -9. Suppose 0 = 3*j - 4*q - 542, x*q + 2*q = -2*j + 352. Is j prime?
False
Let m = -85043 - -208590. Is m prime?
True
Let v(o) = -1462*o - 231. Is v(-5) composite?
False
Let x = 4 + -4. Suppose x = g